. Let r be p(t). Suppose 5*y + r = 94. List the prime factors of y.
2, 3
Suppose -4 = 3*v - 2*d - 2, 3*v = -d - 8. Let s be -1 - v - (-6 + 3). Suppose -s*q + 592 = 4*g, g - 4*g = 6. List the prime factors of q.
2, 3, 5
Let j be 2 + -2 + -2 - -12. Let c(z) = 3*z**3 - 15*z**2 - 2*z**3 + j + 0*z - 13*z. What are the prime factors of c(16)?
2, 29
Let i(w) = -98*w + 210. What are the prime factors of i(-13)?
2, 7, 53
Let r be (384/(-15))/(4/(-10)). Let w = 277 + -208. Let z = w - r. What are the prime factors of z?
5
Let g(m) = -87*m + 632. List the prime factors of g(-74).
2, 5, 7, 101
Suppose -2*x = 18*o - 19*o - 5, 0 = 3*x + 2*o - 4. What are the prime factors of 24/18*717/x?
2, 239
Let r(v) = 57 + 22 - 11 + 257*v + 0 - 57*v. What are the prime factors of r(3)?
2, 167
Let u(r) = 488*r + 72. Let d be u(9). Suppose 53*w - 65*w + d = 0. What are the prime factors of w?
2, 3, 31
Suppose -3*h = -40 + 34. Suppose -n - h*i = i - 201, -i + 837 = 4*n. Suppose -16*t + 19*t = n. List the prime factors of t.
2, 5, 7
Let s = 225 - 214. Suppose 5*g - 7232 = -s*g. What are the prime factors of g?
2, 113
Let g = -13637 - -19744. What are the prime factors of g?
31, 197
Suppose s = -4*r + 725 + 8656, 3*s = -5*r + 28136. What are the prime factors of s?
9377
Let w = 16222 - -4148. What are the prime factors of w?
2, 3, 5, 7, 97
Suppose 5*b - 3*b = 5699 + 7757. What are the prime factors of b?
2, 29
Let f = 119 + -115. Suppose 3*w - 4*w - u + 1346 = 0, -f*w + 5378 = u. What are the prime factors of w?
2, 3, 7
Let s be ((-624)/20)/4 + (-2)/10. Let j be 3*((2 - -9) + (s - -5)). Suppose 2*g + 40 = 2*p, 2*p - g - 21 - j = 0. List the prime factors of p.
5
Suppose 250*i = 248*i + 1976. Let g = i + -113. List the prime factors of (18/15)/(10/g).
3, 5, 7
Suppose -3*n = 9*w - 558381, -34*n - 310257 = -5*w - 30*n. What are the prime factors of w?
5, 12409
Let r(k) = -37*k + 56. Let x(h) = h**3 - 5*h**2 + h + 4. Let g be x(4). What are the prime factors of r(g)?
2, 11
Let h(y) = y - 19. Let m be h(-17). Let g = -25 - m. Let c = g + 41. What are the prime factors of c?
2, 13
Let y(r) = 125 + 12*r + 5*r - 21 - 15*r. List the prime factors of y(-15).
2, 37
Suppose -2*v + 5*m = m - 30, -5*m + 15 = 0. Let a(q) = q. Let d be a(-6). Let k = d + v. List the prime factors of k.
3, 5
Let v(q) = 6*q**3 + 84*q + 9 - 7*q**3 - 101*q + 10*q**2. What are the prime factors of v(6)?
3, 17
Let p be -5 + (-3)/(-6)*-514 - 3. What are the prime factors of (-4)/(1 - 0) - (p - 55)?
2, 79
Let f = 114 + -116. Let s be (f + 1 - 0 - -1)/2. Suppose s*v + 5*q = v - 169, -791 = -5*v - 2*q. What are the prime factors of v?
3, 53
Suppose v = -3*t + 11640 + 9014, -2*v = -4*t + 27522. List the prime factors of t.
6883
Let m(a) = -188*a**3 - 3*a**2 - a + 2. Let c be m(-1). Let t = c + -29. What are the prime factors of t?
3, 53
Suppose 13*k - 190 = 3*k. Let j = -9 + k. What are the prime factors of j?
2, 5
Let y(x) = -14*x**3 - 7*x**2 - 8*x - 7. Let g be y(-5). Suppose v - 3*u = 6*v - 2002, 4*u = 4*v - g. What are the prime factors of v?
401
Let c(q) = -72*q**3 - 4*q**2 - 2*q + 9. Suppose -4*r = 996 - 984. What are the prime factors of c(r)?
3, 641
Let y(n) = -5*n**2 - 5*n - 18. Let a(u) = 6*u**2 + 4*u + 17. Let w(j) = -6*a(j) - 7*y(j). Let g be w(13). List the prime factors of (-170)/51*33/g.
5, 11
Let l(b) = 32*b**2 - 3*b - 6. Suppose 4*s = -40 + 28. What are the prime factors of l(s)?
3, 97
Let r(c) = 12*c - 2. Let j = -21 + 18. Let k be (30/(-2))/(-2*j/(-4)). List the prime factors of r(k).
2, 59
Let y be (-2625)/(-91) - (-4)/26. Let v(f) = -y - 488*f + 478*f + 8. What are the prime factors of v(-5)?
29
Let z be (12/7)/(7 + (-435)/63). List the prime factors of (-167)/((-22)/(-99) + (-13)/z).
2, 167
Let x(w) = 7*w**2 + 9*w + 18. Let h(g) = -28*g**2 - 37*g - 71. Let y(r) = 2*h(r) + 9*x(r). What are the prime factors of y(-7)?
2, 157
Let u = 1022 - 67. Let d = u - 141. What are the prime factors of d?
2, 11, 37
Suppose -55*t = -49*t - 3006. Suppose 0 = -18*j + 2811 + t. What are the prime factors of j?
2, 23
Suppose -r - 4*w - 6 = 0, 7 + 1 = -4*w. Suppose 0 = 3*z - r*z - 338. List the prime factors of z.
2, 13
Let z = -505 + 511. What are the prime factors of ((-207)/92)/(z/(-2608))?
2, 3, 163
Let a = -20405 - -29329. What are the prime factors of a?
2, 23, 97
Let k be -8 - (-228)/28 - (-46302)/21. Suppose 180*m + k = 185*m. List the prime factors of m.
3, 7
Suppose 0 = 3*w - 10*w + 10304. List the prime factors of ((-4)/(-12) + 0)*(w - 11).
487
List the prime factors of (1789002/399)/(6/28).
2, 5231
Let w(o) = 8*o**2 - 300*o - 148. List the prime factors of w(49).
2, 5, 109
Let j(s) = -15*s**3 - 17*s**2 - 17*s + 30. What are the prime factors of j(-11)?
5, 29
Let i(k) = 14*k**2 + 4*k - 9 - 9*k**2 - 2*k**2. Let c be i(-6). Suppose u + c = -6*f + 8*f, 4*u = -20. What are the prime factors of f?
5, 7
Suppose -20619 + 1779 = -20*w. Let v = w - 174. List the prime factors of v.
2, 3
Let f = -68789 - -98986. List the prime factors of f.
30197
Suppose -3*v + 5340 = 2*v. Suppose -1649 = -19*d + v. List the prime factors of d.
11, 13
Suppose 30*c = 33*c - 72. Suppose -23*n = -c*n + 5. Suppose 217 = -4*v - 3*x + 659, 122 = v - n*x. What are the prime factors of v?
2, 7
Let b be ((-18)/2 - -4) + -39. Let f = b - -97. What are the prime factors of (-10)/15*(2 - f)*2?
2, 17
Suppose -5*p - 101 + 76 = 0, -4*u - 5*p = -40543. List the prime factors of u.
2, 11, 461
Suppose 23063 = 9*f - 5*f - 5*a, -5*a = 5*f - 28795. List the prime factors of f.
2, 43, 67
Let d(k) = -133*k - 4. Let j be d(-1). Suppose -3*t = 4*g - 0*g - 16, 0 = -5*t - 5*g + 25. Suppose -t*i = -i - j. List the prime factors of i.
43
Let q(d) = -d**2 - d + 1. Let m be ((18/(-24))/(1/(-8)))/(-1). Let a(y) = -y**2 + 11*y - 10. Let z(w) = m*q(w) - a(w). What are the prime factors of z(2)?
2, 11
Suppose 4*u + 24 = 0, -n + 24*u = 27*u - 27211. List the prime factors of n.
73, 373
Suppose z = q + 42, 5*q - 24 = -9. Suppose -36*y + z*y = 2808. List the prime factors of y.
2, 3, 13
Suppose -2*z = -z - 1, -3*z = a - 6. Suppose -2*g + k = -1311, 4*g = a*g + 5*k + 678. List the prime factors of g.
653
Let i(b) = 184*b**2 - 38*b - 227. List the prime factors of i(-9).
23, 653
Suppose -43*u = 155*u + 20*u - 4958846. What are the prime factors of u?
23, 43
Suppose 21*j - 66555 = 4135 + 139835. List the prime factors of j.
5, 401
Let p = 105201 - 70475. List the prime factors of p.
2, 97, 179
Let t = -11 + 21. Suppose -3*i - i + 18 = -2*v, 3*i - t = 5*v. Suppose 4*f - z = -2*z + 365, i*f - 3*z = 469. List the prime factors of f.
2, 23
Let k(o) = -514*o + 66. Let z(s) = -343*s + 45. Let n(p) = -5*k(p) + 8*z(p). What are the prime factors of n(-6)?
2, 3, 179
Suppose -5*l + 2*l = -6. Let o be l*5/10 + 123. Let s = o + -15. List the prime factors of s.
109
Let d(b) be the first derivative of -b**4/4 - 2*b**3/3 + 3*b**2/2 + 333*b + 38. What are the prime factors of d(0)?
3, 37
Let c(y) = -8*y**3 + 4*y**2 + 5*y + 99. List the prime factors of c(-6).
3, 647
Suppose 0 = 19*o + 5*o - 11304. Let b = -347 + o. What are the prime factors of b?
2, 31
Suppose 50*s + 0*s = 7*s + 457219. List the prime factors of s.
7, 31
Let n(x) = x**3 - x**2 + 27. Let o = 29 + -29. Let h be n(o). What are the prime factors of 1*-3 + h + -16?
2
Suppose 0 = g + u - 4, -4*g - 2*u = -6*u + 24. What are the prime factors of 2/10 - g/(15/3282)?
3, 73
Suppose -550*u = -4*m - 546*u + 34252, -m - 5*u + 8605 = 0. What are the prime factors of m?
2, 5, 857
Let h(b) = -5*b**2 - 10*b + 5. Let w be h(4). Let o = -115 - w. Suppose 0 = 5*a - o*a + 4*i - 429, 2*i - 342 = -4*a. List the prime factors of a.
5, 17
Let y(i) = 19*i**2 - 105*i + 1014. List the prime factors of y(7).
2, 5, 11
Suppose -3*n - 4*q + 4060 = 0, 5*n = -4*q + q + 6763. Suppose 8*a - 1336 = n. Suppose -g + a = 5*g. What are the prime factors of g?
2, 7
Suppose 0 = -2*d - 10, 4*y + 2*d - 73 = 3*d. Suppose -477 = -y*g + 1138. List the prime factors of g.
5, 19
Let z = 495 - 270. List the prime factors of (-1 - 1)/((-2)/z).
3, 5
Suppose -c + 2*w = 6*w - 155, -2*c - 2*w + 298 = 0. Suppose -a + c + 220 = 0. Suppose 2*r + 5*b - a = 0, 5*r = b + 555 + 295. What are the prime factors of r?
3, 19
Let l(j) = j**3 - 49*j**2 + 4*j - 289. List the prime fac